when 224237856 is divided by 58.
54
Calculate the remainder when 6271168 is divided by 1254223.
53
What is the remainder when 138709 is divided by 4943?
305
What is the remainder when 1329816 is divided by 2464?
1720
What is the remainder when 39661 is divided by 848?
653
Calculate the remainder when 1101868 is divided by 5272.
20
Calculate the remainder when 85594 is divided by 152.
18
Calculate the remainder when 1459145 is divided by 148.
13
Calculate the remainder when 4281118 is divided by 1083.
19
Calculate the remainder when 1366108 is divided by 460.
368
What is the remainder when 8427213 is divided by 42?
39
What is the remainder when 352556 is divided by 7268?
3692
Calculate the remainder when 767648 is divided by 315.
308
What is the remainder when 80666 is divided by 2525?
2391
Calculate the remainder when 22157914 is divided by 2865.
4
What is the remainder when 94748107 is divided by 11843511?
19
Calculate the remainder when 808380 is divided by 1967.
1910
What is the remainder when 13803373 is divided by 1503?
1324
What is the remainder when 6648816 is divided by 965?
931
Calculate the remainder when 1460238 is divided by 243356.
102
Calculate the remainder when 761094383 is divided by 16.
15
Calculate the remainder when 46837366 is divided by 49.
30
Calculate the remainder when 386398 is divided by 128794.
16
What is the remainder when 56406916 is divided by 769?
766
Calculate the remainder when 321619 is divided by 368.
355
What is the remainder when 2889805 is divided by 834?
829
What is the remainder when 213478614 is divided by 2321?
2318
What is the remainder when 686829 is divided by 2020?
29
Calculate the remainder when 239337412 is divided by 18.
16
Calculate the remainder when 932448 is divided by 234.
192
What is the remainder when 356599748 is divided by 2825?
2823
What is the remainder when 1095752 is divided by 10049?
411
What is the remainder when 961987 is divided by 8439?
8380
What is the remainder when 3411772 is divided by 121849?
0
Calculate the remainder when 3157237 is divided by 24100.
137
Calculate the remainder when 30070401 is divided by 4221.
4218
What is the remainder when 794462 is divided by 794449?
13
Calculate the remainder when 760932 is divided by 853.
56
What is the remainder when 1299952 is divided by 2648?
2432
What is the remainder when 19205613 is divided by 3200924?
69
Calculate the remainder when 49744486 is divided by 14144.
38
Calculate the remainder when 204954 is divided by 116.
98
Calculate the remainder when 3133954 is divided by 2271.
2245
What is the remainder when 19183 is divided by 2796?
2407
Calculate the remainder when 122918 is divided by 122805.
113
What is the remainder when 2547089 is divided by 61?
34
What is the remainder when 124599982 is divided by 2897674?
0
Calculate the remainder when 6111591 is divided by 1100.
1091
What is the remainder when 2792085 is divided by 67?
61
Calculate the remainder when 46119353 is divided by 417.
404
Calculate the remainder when 81703 is divided by 1911.
1441
What is the remainder when 21750605 is divided by 4350119?
10
What is the remainder when 53154 is divided by 1181?
9
What is the remainder when 18700766 is divided by 3116789?
32
What is the remainder when 62274579 is divided by 171084?
3
Calculate the remainder when 1323975 is divided by 991.
990
Calculate the remainder when 770488 is divided by 1054.
14
Calculate the remainder when 720511 is divided by 883.
866
Calculate the remainder when 1490674 is divided by 166.
160
Calculate the remainder when 5680874 is divided by 75.
74
What is the remainder when 1110833 is divided by 3937?
599
What is the remainder when 394272 is divided by 49260?
192
What is the remainder when 2220043 is divided by 1040?
683
What is the remainder when 18531134 is divided by 3706210?
84
What is the remainder when 502968 is divided by 4072?
2112
What is the remainder when 26855538 is divided by 10?
8
What is the remainder when 3160657 is divided by 1406?
1375
Calculate the remainder when 1553907 is divided by 16.
3
Calculate the remainder when 383478 is divided by 1799.
291
Calculate the remainder when 23365900 is divided by 410.
0
Calculate the remainder when 495011 is divided by 222.
173
What is the remainder when 12500335 is divided by 6250166?
3
Calculate the remainder when 1429002 is divided by 4130.
22
What is the remainder when 512081403 is divided by 4?
3
Calculate the remainder when 608926 is divided by 298.
112
Calculate the remainder when 176744795 is divided by 137.
136
Calculate the remainder when 299183 is divided by 11505.
53
What is the remainder when 115358 is divided by 3843?
68
What is the remainder when 545858 is divided by 30325?
8
What is the remainder when 479690 is divided by 159865?
95
Calculate the remainder when 131771 is divided by 115006.
16765
Calculate the remainder when 15649507 is divided by 308.
27
Calculate the remainder when 26872851 is divided by 3031.
5
What is the remainder when 13627379 is divided by 13627369?
10
What is the remainder when 2182092 is divided by 918?
6
Calculate the remainder when 183674597 is divided by 27.
23
Calculate the remainder when 853060 is divided by 2878.
1172
Calculate the remainder when 12654604 is divided by 2180.
1884
Calculate the remainder when 410242 is divided by 8043.
49
Calculate the remainder when 4962593 is divided by 35702.
15
Calculate the remainder when 37459 is divided by 36762.
697
Calculate the remainder when 3420601 is divided by 1857.
7
Calculate the remainder when 120640 is divided by 168.
16
Calculate the remainder when 5117 is divided by 1065.
857
What is the remainder when 5033860 is divided by 719117?
41
What is the remainder when 230347 is divided by 324?
307
What is the remainder when 1008192 is divided by 81?
66
What is the remainder when 21249417 is divided by 10?
7
What is the remainder when 325655697 is divided by 172?
13
Calculate the remainder when 297616 is divided by 593.
523
What is the remainder when 67902 is divided by 1798?
1376
Calculate the remainder when 4000154 is divided by 27973.
15
What is the remainder when 50647286 is divided by 406?
4
Calculate the remainder when 66586664 is divided by 7197.
20
What is the remainder when 16567 is divided by 3084?
1147
What is the remainder when 100178 is divided by 16285?
2468
Calculate the remainder when 23512 is divided by 22307.
1205
What is the remainder when 14956980 is divided by 3089?
42
Calculate the remainder when 6661272 is divided by 951610.
2
Calculate the remainder when 1355363 is divided by 1323.
611
What is the remainder when 2472172 is divided by 10?
2
Calculate the remainder when 101591 is divided by 249.
248
Calculate the remainder when 69617 is divided by 69590.
27
What is the remainder when 994319 is divided by 2443?
18
What is the remainder when 722047 is divided by 103?
17
What is the remainder when 21362094 is divided by 85791?
135
What is the remainder when 572183 is divided by 190484?
731
What is the remainder when 196367836 is divided by 98183912?
12
Calculate the remainder when 19947202 is divided by 219200.
2
What is the remainder when 2565684 is divided by 232?
228
What is the remainder when 8884209 is divided by 296140?
9
Calculate the remainder when 364720191 is divided by 291.
288
Calculate the remainder when 4288176 is divided by 2761.
343
What is the remainder when 441407 is divided by 822?
815
Calculate the remainder when 22228077 is divided by 1571.
1569
Calculate the remainder when 70257608 is divided by 936768.
8
What is the remainder when 53952 is divided by 1166?
316
What is the remainder when 511090 is divided by 118?
32
Calculate the remainder when 2198379 is divided by 95563.
430
What is the remainder when 47898 is divided by 15120?
2538
What is the remainder when 884 is divided by 26?
0
What is the remainder when 673380 is divided by 1896?
300
Calculate the remainder when 174201 is divided by 7916.
49
What is the remainder when 67503 is divided by 608?
15
Calculate the remainder when 359245 is divided by 27634.
3
What is the remainder when 9488865 is divided by 61?
10
What is the remainder when 23769497 is divided by 7923162?
11
What is the remainder when 1764890 is divided by 882436?
18
What is the remainde